tor of 185254636?
True
Does 9 divide 214968989?
False
Is 238008557 a multiple of 69?
False
Does 41 divide 19738241?
False
Is 285754960 a multiple of 20?
True
Is 27 a factor of 16628437?
False
Is 14314545 a multiple of 435?
True
Does 1107 divide 26727390?
False
Is 4789 a factor of 184026903?
True
Does 41 divide 225006354?
False
Is 1040 a factor of 16472560?
True
Is 346 a factor of 4441374?
False
Is 17 a factor of 26387009?
True
Is 72352312 a multiple of 4168?
True
Is 263 a factor of 634801465?
False
Is 1214613262 a multiple of 8400?
False
Is 7886704 a multiple of 536?
True
Does 8 divide 19386556?
False
Does 1669 divide 1368625306?
False
Is 237 a factor of 822766830?
True
Does 20 divide 515532819?
False
Is 2225203475 a multiple of 1051?
True
Is 2285 a factor of 112732760?
True
Is 66 a factor of 9011664?
False
Does 959 divide 798826861?
True
Is 24823104 a multiple of 4?
True
Is 189 a factor of 66179862?
True
Is 1513 a factor of 27871455?
False
Is 578 a factor of 9632948?
True
Is 107 a factor of 11763366?
True
Is 2552 a factor of 416157192?
True
Is 21 a factor of 25444697?
False
Is 12 a factor of 188560610?
False
Does 12 divide 3093288?
True
Is 40330503 a multiple of 270?
False
Is 454505232 a multiple of 31?
False
Is 12 a factor of 5637083?
False
Is 116 a factor of 854492917?
False
Is 78 a factor of 344928148?
False
Is 2060781 a multiple of 5?
False
Does 281 divide 321853747?
True
Does 650 divide 12327312?
False
Is 1406420079 a multiple of 290?
False
Is 3500462 a multiple of 14?
True
Is 510898313 a multiple of 61?
False
Is 576759552 a multiple of 1394?
False
Is 594888658 a multiple of 58?
True
Is 28 a factor of 33371296?
True
Is 21003324 a multiple of 276?
True
Is 380 a factor of 543742665?
False
Does 95 divide 91811610?
True
Is 10 a factor of 6588390?
True
Is 1006441783 a multiple of 193?
False
Is 2056650 a multiple of 15?
True
Does 1391 divide 701963115?
False
Is 1861110473 a multiple of 7360?
False
Is 512 a factor of 15917836?
False
Is 6184638 a multiple of 850?
False
Does 42 divide 13602834?
True
Is 8 a factor of 17302056?
True
Does 3 divide 115756635?
True
Is 216 a factor of 25164648?
True
Is 9364251 a multiple of 420?
False
Is 11078998 a multiple of 122?
False
Is 8 a factor of 2763608?
True
Is 15582480 a multiple of 16?
True
Is 12 a factor of 52624752?
True
Is 9330 a factor of 2404287977?
False
Does 1263 divide 36819885?
False
Is 880620570 a multiple of 2890?
True
Is 125 a factor of 26482375?
True
Does 13 divide 10397621?
True
Is 125517751 a multiple of 5?
False
Is 169198352 a multiple of 10?
False
Is 58344802 a multiple of 3320?
False
Is 8 a factor of 7996448?
True
Is 134 a factor of 1886531947?
False
Is 297 a factor of 24393444?
False
Does 353 divide 354565908?
True
Is 5 a factor of 27352948?
False
Does 2573 divide 13384746?
True
Is 13 a factor of 86048846?
True
Is 47843418 a multiple of 53?
True
Is 7891 a factor of 3565935009?
True
Is 432 a factor of 98333296?
False
Does 7 divide 450374536?
False
Is 5009259 a multiple of 9?
False
Is 92597333 a multiple of 23?
True
Is 32244856 a multiple of 404?
True
Is 9 a factor of 83031052?
False
Does 22 divide 19444382?
False
Does 27 divide 3575340?
True
Is 50509968 a multiple of 1054?
False
Is 63084390 a multiple of 4110?
True
Is 38 a factor of 132909048?
False
Is 154968086 a multiple of 801?
False
Is 131 a factor of 132501952?
False
Is 97064040 a multiple of 2?
True
Does 12 divide 133970308?
False
Is 279713007 a multiple of 63?
True
Is 9224610 a multiple of 1334?
True
Is 35459104 a multiple of 49?
False
Is 67680902 a multiple of 12?
False
Is 79109328 a multiple of 393?
True
Is 42005443 a multiple of 41?
True
Is 190929920 a multiple of 1424?
True
Is 473780748 a multiple of 47?
False
Does 71 divide 278025847?
True
Is 79 a factor of 117887671?
True
Is 214 a factor of 104211794?
True
Is 178 a factor of 212443061?
False
Does 1914 divide 132356928?
True
Does 58 divide 36383212?
False
Is 1673623920 a multiple of 80?
True
Is 37829709 a multiple of 1594?
False
Is 24752155 a multiple of 188?
False
Is 113 a factor of 522589857?
True
Is 31194030 a multiple of 756?
False
Is 659365170 a multiple of 4294?
True
Does 138 divide 510434124?
True
Is 216642372 a multiple of 618?
True
Is 1129919815 a multiple of 6232?
False
Does 240 divide 206347920?
True
Is 2290 a factor of 151087341?
False
Is 4 a factor of 27109844?
True
Does 2 divide 6295603?
False
Is 1755 a factor of 591012045?
True
Is 61556060 a multiple of 154?
False
Is 89356892 a multiple of 44?
False
Is 1547 a factor of 101382645?
True
Does 15 divide 542599740?
True
Is 10 a factor of 605021712?
False
Is 344730936 a multiple of 242?
True
Is 12 a factor of 12084938?
False
Is 11 a factor of 420809620?
True
Does 60 divide 44748060?
True
Is 100 a factor of 38174000?
True
Does 1663 divide 37170894?
False
Is 297484201 a multiple of 647?
False
Does 17 divide 264471160?
False
Is 121655115 a multiple of 393?
True
Does 3 divide 53121000?
True
Is 24018757 a multiple of 661?
True
Is 1918 a factor of 19977888?
True
Is 31 a factor of 25863269?
True
Is 57 a factor of 46485204?
False
Is 48068268 a multiple of 12?
True
Is 1557 a factor of 1758752946?
True
Is 19 a factor of 239513221?
True
Is 307326481 a multiple of 106?
False
Is 16188169 a multiple of 12?
False
Is 137361257 a multiple of 423?
False
Does 13 divide 103826271?
False
Does 19 divide 1957780482?
True
Is 85592906 a multiple of 14?
True
Is 173963617 a multiple of 1300?
False
Does 2620 divide 49180020?
True
Is 946706360 a multiple of 40?
True
Does 366 divide 117634814?
False
Does 643 divide 102608654?
True
Is 6584727524 a multiple of 8572?
True
Is 164 a factor of 377714468?
True
Does 1008 divide 1293887961?
False
Does 14 divide 501677079?
False
Is 3 a factor of 1923355?
False
Is 5047916979 a multiple of 21?
True
Does 17 divide 4798860?
False
Does 6182 divide 291135108?
True
Does 53 divide 977642340?
False
Does 278 divide 44820272?
True
Is 109773 a multiple of 4?
False
Does 57 divide 713919459?
False
Does 280 divide 4692377?
False
Is 54 a factor of 82752516?
True
Does 10 divide 23954470?
True
Is 1107520115 a multiple of 109?
True
Does 38 divide 913663108?
True
Is 183123888 a multiple of 12?
True
Does 896 divide 113191680?
True
Is 6241 a factor of 1387705073?
True
Is 2134629741 a multiple of 3203?
True
Does 24 divide 209156040?
True
Does 123 divide 319026084?
True
Is 101524164 a multiple of 360?
False
Is 179 a factor of 2236411859?
True
Is 72367009 a multiple of 41?
True
Does 2637 divide 984002108?
False
Is 1061 a factor of 169921272?
True
Does 316 divide 928883171?
False
Is 60 a factor of 26480636?
False
Is 42 a factor of 85717588?
False
Is 177 a factor of 42104709?
False
Is 3 a factor of 4328459?
False
Is 8628864 a multiple of 736?
True
Is 34104842 a multiple of 2?
True
Is 6 a factor of 262103932?
False
Is 3034 a factor of 2670742214?
True
Is 85268791 a multiple of 1840?
False
Is 626 a factor of 990048105?
False
Does 329 divide 5600622386?
False
Is 706041646 a multiple of 660?
False
Is 41 a factor of 362070062?
False
Is 9983267 a multiple of 47?
False
Is 56824899 a multiple of 10?
False
Is 316766212 a multiple of 322?
True
Does 18 divide 776740572?
True
Does 54 divide 737882244?
True
Is 40 a factor of 61038440?
True
Is 44085348 a multiple of 496?
False
Is 409858289 a multiple of 148?
False
Is 648041709 a multiple of 6647?
False
Does 37 divide 3362925374?
False
Does 89 divide 229308589?
True
Is 817 a factor of 389512920?
True
Does 337 divide 1083118?
True
Is 195 a factor of 126834825?
True
Does 46 divide 216020232?
True
Is 1133 a factor of 45224828?
True
Is 39532227 a multiple of 1141?
True
Is 17 a factor of 130690390?
True
Is 4285 a factor of 242466725?
True
Does 1119 divide 269174331?
True
Is 451132314 a multiple of 22?
False
Is 62940351 a multiple of 10?
False
Is 8281 a factor of 1689390248?
True
Is 484 a factor of 738443660?
False
Does 110 divide 153288435?
False
Is 66 a factor of 346813357?
False
Does 798 divide 2246765808?
True
Is 5 a factor of 1140973533?
False
Is 43 a factor of 1361718?
False
Is 4568667 a multiple of 8?
False
Does 80 divide 502422560?
True
Is 52276267 a multiple of 3623?
True
Does 3925 divide 135428200?
True
Is 150 a factor of 82597950?
True
Is 136113775 a multiple of 47?
False
Is 957054 a multi